{"id":2187,"date":"2019-07-27T15:51:29","date_gmt":"2019-07-27T15:51:29","guid":{"rendered":"https:\/\/amfolkfest.cz\/?page_id=2187"},"modified":"2019-07-27T15:53:14","modified_gmt":"2019-07-27T15:53:14","slug":"sponzori-2019","status":"publish","type":"page","link":"https:\/\/amfolkfest.cz\/?page_id=2187","title":{"rendered":"Sponzo\u0159i 2019"},"content":{"rendered":"<p>&nbsp;<\/p>\n<h4 style=\"text-align: center;\"><a href=\"https:\/\/www.kr-zlinsky.cz\/\">D\u011bkujeme na\u0161im sponzor\u016fm a d\u00e1rc\u016fm<br \/>\n<img loading=\"lazy\" decoding=\"async\" class=\"aligncenter wp-image-1599\" src=\"http:\/\/amfolkfest.cz\/wp-content\/uploads\/2016\/06\/kraj_12-150x80.jpg\" alt=\"\" width=\"226\" height=\"120\"\/><\/a><\/h4>\n<table style=\"height: 395px;\" width=\"421\" align=\"center\">\n<tbody>\n<tr>\n<td width=\"120px\"><a href=\"http:\/\/www.slunicko-vsetin.cz\/\" target=\"_blank\" rel=\"noopener noreferrer\"><img loading=\"lazy\" decoding=\"async\" class=\"wp-image-1607 aligncenter\" src=\"\/wp-content\/uploads\/2016\/06\/rodinnecentrum_12-150x80.jpg\" alt=\"rodinnecentrum_12-150x80\" width=\"100\" height=\"53\"\/><\/a><\/td>\n<td width=\"120px\"><a href=\"http:\/\/www.kalirnafrydrych.cz\/\" target=\"_blank\" rel=\"noopener noreferrer\"><img loading=\"lazy\" decoding=\"async\" class=\"wp-image-1598 aligncenter\" src=\"\/wp-content\/uploads\/2016\/06\/frydrych_12-150x80.jpg\" alt=\"frydrych_12-150x80\" width=\"100\" height=\"53\"\/><\/a><\/td>\n<td width=\"120px\"><a href=\"http:\/\/www.geodet-adamik.cz\" target=\"_blank\" rel=\"noopener noreferrer\"><img loading=\"lazy\" decoding=\"async\" class=\"aligncenter\" src=\"\/wp-content\/uploads\/2016\/06\/adamik.jpg\" alt=\"adamik\" width=\"100\" height=\"53\"\/><br \/>\n<\/a><\/td>\n<\/tr>\n<tr>\n<td width=\"120px\"><a href=\"http:\/\/www.avisvs.cz\/\"><img loading=\"lazy\" decoding=\"async\" class=\"aligncenter size-thumbnail wp-image-1097\" src=\"\/wp-content\/uploads\/2015\/03\/avis_logo-150x52.jpg\" alt=\"avis_logo\" width=\"150\" height=\"52\"\/><\/a><\/td>\n<td width=\"120px\"><a href=\"http:\/\/www.evrovsetin.cz\/\"><img loading=\"lazy\" decoding=\"async\" class=\"wp-image-1636 size-full aligncenter\" src=\"\/wp-content\/uploads\/2012\/02\/evro.jpg\" alt=\"evro\" width=\"100\" height=\"53\"\/><\/a><\/td>\n<td width=\"120px\"><img loading=\"lazy\" decoding=\"async\" class=\"size-thumbnail wp-image-1602 aligncenter\" src=\"\/wp-content\/uploads\/2016\/06\/oulehla_12-150x80-150x80.jpg\" alt=\"\" width=\"150\" height=\"80\"\/><\/td>\n<\/tr>\n<tr>\n<td width=\"120px\"><a href=\"https:\/\/www.francovalhota.cz\/\"><img loading=\"lazy\" decoding=\"async\" class=\"aligncenter wp-image-1613 size-thumbnail\" src=\"http:\/\/amfolkfest.cz\/wp-content\/uploads\/2012\/02\/f_lhota-150x80.jpg\" alt=\"\" width=\"150\" height=\"80\"\/><\/a><\/td>\n<td width=\"120px\"><a href=\"http:\/\/www.link24.cz\/\"><img loading=\"lazy\" decoding=\"async\" class=\"aligncenter\" src=\"http:\/\/amfolkfest.cz\/wp-content\/uploads\/2016\/06\/link24_12-150x80.jpg\" alt=\"link24_12-150x80\" width=\"150\" height=\"80\"\/><\/a><\/td>\n<td width=\"120px\"><a href=\"https:\/\/www.agrofyto.cz\/\"><img loading=\"lazy\" decoding=\"async\" class=\"aligncenter\" src=\"http:\/\/amfolkfest.cz\/wp-content\/uploads\/2012\/02\/agro-2.jpg\" alt=\"agro\" width=\"100\" height=\"53\"\/><\/a><\/td>\n<\/tr>\n<tr>\n<td><img decoding=\"async\" src=\"http:\/\/www.amfolkfest.cz\/sp12\/trochta_12.jpg\"\/><\/td>\n<td width=\"120px\"><a href=\"https:\/\/www.austin.cz\/\"><img loading=\"lazy\" decoding=\"async\" class=\"aligncenter\" src=\"http:\/\/amfolkfest.cz\/wp-content\/uploads\/2018\/06\/logo_vertical-300x166.png\" alt=\"\" width=\"119\" height=\"66\"\/><\/a><\/td>\n<td width=\"120px\"><a href=\"http:\/\/www.1vasto.cz\/\"><img loading=\"lazy\" decoding=\"async\" class=\"alignnone\" src=\"http:\/\/amfolkfest.cz\/wp-content\/uploads\/2016\/06\/vasto_12-150x80.jpg\" alt=\"vasto_12-150x80\" width=\"150\" height=\"80\"\/><\/a><\/td>\n<\/tr>\n<tr>\n<td><a href=\"\/\/amfolkfest.cz\/wp-content\/uploads\/2019\/07\/sta\u017een\u00fd-soubor-2.jpg\"><img loading=\"lazy\" decoding=\"async\" class=\"wp-image-2172 aligncenter\" src=\"\/\/amfolkfest.cz\/wp-content\/uploads\/2019\/07\/sta\u017een\u00fd-soubor-2.jpg\" alt=\"\" width=\"115\" height=\"72\" srcset=\"https:\/\/amfolkfest.cz\/wp-content\/uploads\/2019\/07\/sta\u017een\u00fd-soubor-2.jpg 283w, https:\/\/amfolkfest.cz\/wp-content\/uploads\/2019\/07\/sta\u017een\u00fd-soubor-2-240x151.jpg 240w\" sizes=\"auto, (max-width: 115px) 100vw, 115px\" \/><\/a><\/td>\n<td width=\"120px\"><a href=\"http:\/\/weekamp-doors.cz\/\"><img loading=\"lazy\" decoding=\"async\" class=\"aligncenter\" src=\"http:\/\/amfolkfest.cz\/wp-content\/uploads\/2019\/07\/sta%C5%BEen%C3%BD-soubor.jpg\" alt=\"Tento obr\u00c3\u00a1zek nem\u00c3\u00a1 vypln\u00c4\u009bn\u00c3\u00bd atribut alt; n\u00c3\u00a1zev souboru je sta\u00c5\u00been\u00c3\u00bd-soubor.jpg.\" width=\"83\" height=\"66\"\/><\/a><\/td>\n<td width=\"120px\">&nbsp;<\/td>\n<\/tr>\n<tr>\n<td>&nbsp;<\/td>\n<td width=\"120px\">&nbsp;<\/td>\n<td width=\"120px\">&nbsp;<\/td>\n<\/tr>\n<\/tbody>\n<\/table>\n","protected":false},"excerpt":{"rendered":"<p>&nbsp; D\u011bkujeme na\u0161im sponzor\u016fm a d\u00e1rc\u016fm &nbsp; &nbsp; &nbsp; &nbsp;<span class=\"more-link theme-more-link\"><a href=\"https:\/\/amfolkfest.cz\/?page_id=2187\">Continue Reading<\/a><\/span><\/p>\n","protected":false},"author":1,"featured_media":0,"parent":0,"menu_order":1,"comment_status":"open","ping_status":"open","template":"","meta":{"ngg_post_thumbnail":0,"footnotes":"","_links_to":"","_links_to_target":""},"class_list":["entry","author-pery","post-2187","page","type-page","status-publish"],"_links":{"self":[{"href":"https:\/\/amfolkfest.cz\/index.php?rest_route=\/wp\/v2\/pages\/2187","targetHints":{"allow":["GET"]}}],"collection":[{"href":"https:\/\/amfolkfest.cz\/index.php?rest_route=\/wp\/v2\/pages"}],"about":[{"href":"https:\/\/amfolkfest.cz\/index.php?rest_route=\/wp\/v2\/types\/page"}],"author":[{"embeddable":true,"href":"https:\/\/amfolkfest.cz\/index.php?rest_route=\/wp\/v2\/users\/1"}],"replies":[{"embeddable":true,"href":"https:\/\/amfolkfest.cz\/index.php?rest_route=%2Fwp%2Fv2%2Fcomments&post=2187"}],"version-history":[{"count":2,"href":"https:\/\/amfolkfest.cz\/index.php?rest_route=\/wp\/v2\/pages\/2187\/revisions"}],"predecessor-version":[{"id":2190,"href":"https:\/\/amfolkfest.cz\/index.php?rest_route=\/wp\/v2\/pages\/2187\/revisions\/2190"}],"wp:attachment":[{"href":"https:\/\/amfolkfest.cz\/index.php?rest_route=%2Fwp%2Fv2%2Fmedia&parent=2187"}],"curies":[{"name":"wp","href":"https:\/\/api.w.org\/{rel}","templated":true}]}}