{"id":672,"date":"2014-01-16T20:42:23","date_gmt":"2014-01-16T20:42:23","guid":{"rendered":"http:\/\/amfolkfest.cz\/?page_id=672"},"modified":"2014-02-09T19:05:32","modified_gmt":"2014-02-09T19:05:32","slug":"sponzori-2013","status":"publish","type":"page","link":"https:\/\/amfolkfest.cz\/?page_id=672","title":{"rendered":"Sponzo\u0159i 2013"},"content":{"rendered":"<table border=\"0\" cellspacing=\"2\" cellpadding=\"2\" align=\"center\" bgcolor=\"white\">\n<tbody>\n<tr>\n<td><a href=\"http:\/\/www.slunicko-vsetin.cz\/\" target=\"_blank\"><img decoding=\"async\" alt=\"\" src=\"http:\/\/www.amfolkfest.cz\/sp12\/rodinnecentrum_12.jpg\" width=\"150\" border=\"0\" \/><\/a><\/td>\n<td><a href=\"http:\/\/www.kalirnafrydrych.cz\/\" target=\"_blank\"><img decoding=\"async\" alt=\"\" src=\"http:\/\/www.amfolkfest.cz\/sp12\/frydrych_12.jpg\" width=\"150\" border=\"0\" \/><\/a><\/td>\n<td><img decoding=\"async\" alt=\"\" src=\"http:\/\/www.amfolkfest.cz\/sp12\/oulehla_12.jpg\" width=\"150\" border=\"0\" \/><\/td>\n<\/tr>\n<tr>\n<td><a href=\"http:\/\/www.francovalhota.cz\/\" target=\"_blank\"><img decoding=\"async\" alt=\"\" src=\"http:\/\/www.amfolkfest.cz\/sp12\/francovalhota12.jpg\" width=\"150\" border=\"0\" \/><\/a><\/td>\n<td><a href=\"http:\/\/www.pivo-konrad.cz\/\" target=\"_blank\"><img decoding=\"async\" alt=\"\" src=\"http:\/\/www.amfolkfest.cz\/sp12\/konrad12.jpg\" width=\"150\" border=\"0\" \/><\/a><\/td>\n<td><img decoding=\"async\" alt=\"\" src=\"http:\/\/www.amfolkfest.cz\/sp12\/trochta_12.jpg\" width=\"150\" border=\"0\" \/><\/td>\n<\/tr>\n<tr>\n<td><a href=\"http:\/\/www.cdenglish.cz\/\" target=\"_blank\"><img decoding=\"async\" alt=\"\" src=\"http:\/\/www.amfolkfest.cz\/sp13\/cd_english.jpg\" width=\"150\" border=\"0\" \/><\/a><\/td>\n<td><a href=\"http:\/\/www.hornolidecsko.cz\/\" target=\"_blank\"><img decoding=\"async\" alt=\"\" src=\"http:\/\/www.amfolkfest.cz\/sp12\/sdruzenihornolidecka12.jpg\" width=\"150\" border=\"0\" \/><\/a><\/td>\n<td><a href=\"http:\/\/www.austin.cz\/\" target=\"_blank\"><img decoding=\"async\" alt=\"\" src=\"http:\/\/www.amfolkfest.cz\/sp12\/austin2012.jpg\" width=\"150\" border=\"0\" \/><\/a><\/td>\n<\/tr>\n<tr>\n<td><a href=\"http:\/\/www.avisvs.cz\/\" target=\"_blank\"><img decoding=\"async\" alt=\"\" src=\"http:\/\/www.amfolkfest.cz\/sp12\/avis12.jpg\" width=\"150\" border=\"0\" \/><\/a><\/td>\n<td><a href=\"http:\/\/www.kr-zlinsky.cz\/\" target=\"_blank\"><img decoding=\"async\" alt=\"\" src=\"http:\/\/www.amfolkfest.cz\/sp12\/kraj_12.jpg\" width=\"150\" border=\"0\" \/><\/a><\/td>\n<td><a href=\"http:\/\/www.link24.cz\/\" target=\"_blank\"><img decoding=\"async\" alt=\"\" src=\"http:\/\/www.amfolkfest.cz\/sp12\/link24.jpg\" width=\"150\" border=\"0\" \/><\/a><\/td>\n<\/tr>\n<tr>\n<td><a href=\"http:\/\/www.design88.eu\/\" target=\"_blank\"><img decoding=\"async\" alt=\"\" src=\"http:\/\/www.amfolkfest.cz\/sp12\/8812.jpg\" width=\"150\" border=\"0\" \/><\/a><\/td>\n<td><a href=\"http:\/\/www.1vasto.cz\/\" target=\"_blank\"><img decoding=\"async\" alt=\"\" src=\"http:\/\/www.amfolkfest.cz\/sp12\/vasto_12.jpg\" width=\"150\" border=\"0\" \/><\/a><\/td>\n<td><a href=\"http:\/\/www.lachim.cz\/\" target=\"_blank\"><img decoding=\"async\" src=\"sp12\/lachim12.jpg\" alt=\"\" width=\"130\" border=\"0\"\/><\/a><\/td>\n<\/tr>\n<\/tbody>\n<\/table>\n<div style=\"text-align: center; background-color: white; color: black;\" align=\"center\"><strong>Speci\u00e1ln\u00ed pod\u011bkov\u00e1n\u00ed:<br \/>\nFa PISUD, s.r.o, Western salonu u Wiliho, H\u00e1jkov\u00fdm, Pajz\u00e1kov\u00fdm, Kinclov\u00fdm, Navr\u00e1tilov\u00fdm, Adamcov\u00fdm<br \/>\na v\u0161em obyvatel\u016fm kr\u00e1sn\u00e9 obce Pul\u010d\u00edn za trp\u011blivost.<br \/>\nV\u0161em p\u0159\u00e1tel\u016fm a kamar\u00e1d\u016fm, kte\u0159\u00ed se pod\u00edlej\u00ed na festivalu.<\/strong><\/div>\n","protected":false},"excerpt":{"rendered":"<p>Speci\u00e1ln\u00ed pod\u011bkov\u00e1n\u00ed: Fa PISUD, s.r.o, Western salonu u Wiliho, H\u00e1jkov\u00fdm, Pajz\u00e1kov\u00fdm, Kinclov\u00fdm, Navr\u00e1tilov\u00fdm, Adamcov\u00fdm a v\u0161em obyvatel\u016fm kr\u00e1sn\u00e9 obce Pul\u010d\u00edn za trp\u011blivost. V\u0161em p\u0159\u00e1tel\u016fm a kamar\u00e1d\u016fm, kte\u0159\u00ed se pod\u00edlej\u00ed na festivalu.<span class=\"more-link theme-more-link\"><a href=\"https:\/\/amfolkfest.cz\/?page_id=672\">Continue Reading<\/a><\/span><\/p>\n","protected":false},"author":1,"featured_media":0,"parent":565,"menu_order":0,"comment_status":"closed","ping_status":"open","template":"","meta":{"ngg_post_thumbnail":0,"footnotes":"","_links_to":"","_links_to_target":""},"class_list":["entry","author-pery","post-672","page","type-page","status-publish"],"_links":{"self":[{"href":"https:\/\/amfolkfest.cz\/index.php?rest_route=\/wp\/v2\/pages\/672","targetHints":{"allow":["GET"]}}],"collection":[{"href":"https:\/\/amfolkfest.cz\/index.php?rest_route=\/wp\/v2\/pages"}],"about":[{"href":"https:\/\/amfolkfest.cz\/index.php?rest_route=\/wp\/v2\/types\/page"}],"author":[{"embeddable":true,"href":"https:\/\/amfolkfest.cz\/index.php?rest_route=\/wp\/v2\/users\/1"}],"replies":[{"embeddable":true,"href":"https:\/\/amfolkfest.cz\/index.php?rest_route=%2Fwp%2Fv2%2Fcomments&post=672"}],"version-history":[{"count":3,"href":"https:\/\/amfolkfest.cz\/index.php?rest_route=\/wp\/v2\/pages\/672\/revisions"}],"predecessor-version":[{"id":727,"href":"https:\/\/amfolkfest.cz\/index.php?rest_route=\/wp\/v2\/pages\/672\/revisions\/727"}],"up":[{"embeddable":true,"href":"https:\/\/amfolkfest.cz\/index.php?rest_route=\/wp\/v2\/pages\/565"}],"wp:attachment":[{"href":"https:\/\/amfolkfest.cz\/index.php?rest_route=%2Fwp%2Fv2%2Fmedia&parent=672"}],"curies":[{"name":"wp","href":"https:\/\/api.w.org\/{rel}","templated":true}]}}