{"id":79,"date":"2012-02-19T12:45:58","date_gmt":"2012-02-19T12:45:58","guid":{"rendered":"http:\/\/amfolkfest.cz\/web2012\/?page_id=79"},"modified":"2023-07-26T11:43:30","modified_gmt":"2023-07-26T11:43:30","slug":"kde-nas-najdete","status":"publish","type":"page","link":"https:\/\/amfolkfest.cz\/?page_id=79","title":{"rendered":"Kde n\u00e1s najdete?"},"content":{"rendered":"<p>Festival se ka\u017edoro\u010dn\u011b kon\u00e1 v sam\u00e9m srdci obce Pul\u010d\u00edn na zahrad\u011b Informa\u010dn\u00edho centra u kapli\u010dky. Parkov\u00e1n\u00ed je mo\u017en\u00e9 200m p\u0159ed are\u00e1lem a to u restaurace Western salon u Williho, nebo na proti v oklol\u00ed autobusov\u00e9 zast\u00e1vky. V obci plat\u00ed z\u00e1kaz vjezdu motorov\u00fdch vozidel. Zna\u010dka je um\u00edst\u011bna za parkovi\u0161t\u011bm. Pros\u00edm dodr\u017eujte ji.<\/p>\n<p>&nbsp;<br \/>\n<iframe loading=\"lazy\" style=\"border: none;\" src=\"https:\/\/frame.mapy.cz\/s\/getezemuba\" width=\"500\" height=\"333\" frameborder=\"0\"><\/iframe><\/p>\n","protected":false},"excerpt":{"rendered":"<p>Festival se ka\u017edoro\u010dn\u011b kon\u00e1 v sam\u00e9m srdci obce Pul\u010d\u00edn na zahrad\u011b Informa\u010dn\u00edho centra u kapli\u010dky. Parkov\u00e1n\u00ed je mo\u017en\u00e9 200m p\u0159ed are\u00e1lem a to u restaurace Western salon u Williho, nebo na proti v oklol\u00ed autobusov\u00e9 zast\u00e1vky. V obci plat\u00ed z\u00e1kaz vjezdu motorov\u00fdch vozidel. Zna\u010dka je um\u00edst\u011bna za parkovi\u0161t\u011bm. Pros\u00edm dodr\u017eujte<span class=\"more-link theme-more-link\"><a href=\"https:\/\/amfolkfest.cz\/?page_id=79\">Continue Reading<\/a><\/span><\/p>\n","protected":false},"author":2,"featured_media":0,"parent":0,"menu_order":8,"comment_status":"closed","ping_status":"closed","template":"","meta":{"ngg_post_thumbnail":0,"footnotes":"","_links_to":"","_links_to_target":""},"class_list":["entry","author-endy","post-79","page","type-page","status-publish"],"_links":{"self":[{"href":"https:\/\/amfolkfest.cz\/index.php?rest_route=\/wp\/v2\/pages\/79","targetHints":{"allow":["GET"]}}],"collection":[{"href":"https:\/\/amfolkfest.cz\/index.php?rest_route=\/wp\/v2\/pages"}],"about":[{"href":"https:\/\/amfolkfest.cz\/index.php?rest_route=\/wp\/v2\/types\/page"}],"author":[{"embeddable":true,"href":"https:\/\/amfolkfest.cz\/index.php?rest_route=\/wp\/v2\/users\/2"}],"replies":[{"embeddable":true,"href":"https:\/\/amfolkfest.cz\/index.php?rest_route=%2Fwp%2Fv2%2Fcomments&post=79"}],"version-history":[{"count":9,"href":"https:\/\/amfolkfest.cz\/index.php?rest_route=\/wp\/v2\/pages\/79\/revisions"}],"predecessor-version":[{"id":3077,"href":"https:\/\/amfolkfest.cz\/index.php?rest_route=\/wp\/v2\/pages\/79\/revisions\/3077"}],"wp:attachment":[{"href":"https:\/\/amfolkfest.cz\/index.php?rest_route=%2Fwp%2Fv2%2Fmedia&parent=79"}],"curies":[{"name":"wp","href":"https:\/\/api.w.org\/{rel}","templated":true}]}}