{"id":835,"date":"2014-07-27T10:54:25","date_gmt":"2014-07-27T10:54:25","guid":{"rendered":"http:\/\/amfolkfest.cz\/?page_id=835"},"modified":"2014-07-27T10:57:14","modified_gmt":"2014-07-27T10:57:14","slug":"sponzori-2014","status":"publish","type":"page","link":"https:\/\/amfolkfest.cz\/?page_id=835","title":{"rendered":"Sponzo\u0159i 2014"},"content":{"rendered":"<h3 style=\"text-align: center;\"><\/h3>\n<table border=\"0\" cellspacing=\"2\" cellpadding=\"2\" align=\"center\">\n<tbody>\n<tr>\n<td><a href=\"http:\/\/www.nadace-zivot-umelce.cz\/\" target=\"_blank\"><img loading=\"lazy\" decoding=\"async\" src=\"sp12\/zivot_umelce.jpg\" alt=\"\" width=\"120\" height=\"75\" border=\"0\" \/><\/a><\/td>\n<td><a href=\"http:\/\/www.design88.eu\/\" target=\"_blank\"><img decoding=\"async\" src=\"http:\/\/www.amfolkfest.cz\/sp12\/8812.jpg\" alt=\"\" width=\"150\" border=\"0\" \/><\/a><\/td>\n<td><img decoding=\"async\" src=\".\/sp12\/oulehla_12.jpg\" alt=\"\" width=\"130\" border=\"0\" \/><\/td>\n<td><a href=\"http:\/\/www.francovalhota.cz\/\" target=\"_blank\"><img decoding=\"async\" src=\"sp12\/francovalhota12.jpg\" alt=\"\" width=\"130\" border=\"0\" \/><\/a><\/td>\n<td><a href=\"http:\/\/www.pivo-konrad.cz\/\" target=\"_blank\"><img decoding=\"async\" src=\"sp12\/konrad12.jpg\" alt=\"\" width=\"130\" border=\"0\" \/><\/a><\/td>\n<\/tr>\n<tr>\n<td><a href=\"http:\/\/www.kr-zlinsky.cz\/\" target=\"_blank\"><img decoding=\"async\" src=\".\/sp12\/kraj_12.jpg\" alt=\"\" width=\"130\" border=\"0\" \/><\/a><\/td>\n<td><a href=\"http:\/\/www.kalirnafrydrych.cz\/\" target=\"_blank\"><img decoding=\"async\" src=\"http:\/\/www.amfolkfest.cz\/sp12\/frydrych_12.jpg\" alt=\"\" width=\"150\" border=\"0\" \/><\/a><\/td>\n<td><a href=\"http:\/\/www.austin.cz\/cz\/api.htm\" target=\"_blank\"><img decoding=\"async\" src=\".\/sp12\/austin2012.jpg\" alt=\"\" width=\"130\" border=\"0\" \/><\/a><\/td>\n<td><a href=\"http:\/\/www.1vasto.cz\/\" target=\"_blank\"><img decoding=\"async\" src=\"sp12\/vasto_12.jpg\" alt=\"\" width=\"130\" border=\"0\" \/><\/a><\/td>\n<td><a href=\"http:\/\/www.avisvs.cz\/\" target=\"_blank\"><img decoding=\"async\" src=\"sp12\/avis12.jpg\" alt=\"\" width=\"130\" border=\"0\" \/><\/a><\/td>\n<\/tr>\n<tr>\n<td><a href=\"http:\/\/www.link24.cz\/\" target=\"_blank\"><img decoding=\"async\" src=\"sp12\/link24_12.jpg\" alt=\"\" width=\"130\" border=\"0\" \/><\/a><\/td>\n<td><a href=\"http:\/\/www.lachim.cz\/\" target=\"_blank\"><img decoding=\"async\" src=\"sp12\/lachim12.jpg\" alt=\"\" width=\"130\" border=\"0\" \/><\/a><\/td>\n<td><a href=\"http:\/\/www.mashornolidecska.cz\/\" target=\"_blank\"><img decoding=\"async\" src=\"sp12\/sdruzenihornolidecka12.jpg\" alt=\"\" width=\"130\" border=\"0\" \/><\/a><\/td>\n<td><a href=\"http:\/\/www.slunicko-vsetin.cz\/\" target=\"_blank\"><img decoding=\"async\" src=\".\/sp12\/rodinnecentrum_12.jpg\" alt=\"\" width=\"130\" border=\"0\" \/><\/a><\/td>\n<td><a href=\"http:\/\/www.agrofyto.cz\/\" target=\"_blank\"><img decoding=\"async\" src=\".\/sp14\/logo-agrofyto.jpg\" alt=\"\" width=\"130\" border=\"0\" \/><\/a><\/td>\n<\/tr>\n<tr>\n<td><\/td>\n<td><\/td>\n<td><\/td>\n<td><\/td>\n<td><\/td>\n<\/tr>\n<\/tbody>\n<\/table>\n<address>Speci\u00e1ln\u00ed pod\u011bkov\u00e1n\u00ed:<br \/>\nFa PISUD, s.r.o, Western salonu u Wiliho, H\u00e1jkov\u00fdm, Pajz\u00e1kov\u00fdm, Kinclov\u00fdm, Navr\u00e1tilov\u00fdm, Dra\u0161narov\u00fdm<br \/>\na v\u0161em obyvatel\u016fm kr\u00e1sn\u00e9 obce Pul\u010d\u00edn za trp\u011blivost.V\u0161em p\u0159\u00e1tel\u016fm a kamar\u00e1d\u016fm, kte\u0159\u00ed se pod\u00edlej\u00ed na festivalu.<\/address>\n","protected":false},"excerpt":{"rendered":"<p>Speci\u00e1ln\u00ed pod\u011bkov\u00e1n\u00ed: Fa PISUD, s.r.o, Western salonu u Wiliho, H\u00e1jkov\u00fdm, Pajz\u00e1kov\u00fdm, Kinclov\u00fdm, Navr\u00e1tilov\u00fdm, Dra\u0161narov\u00fdm a v\u0161em obyvatel\u016fm kr\u00e1sn\u00e9 obce Pul\u010d\u00edn za trp\u011blivost.V\u0161em p\u0159\u00e1tel\u016fm a kamar\u00e1d\u016fm, kte\u0159\u00ed se pod\u00edlej\u00ed na festivalu.<span class=\"more-link theme-more-link\"><a href=\"https:\/\/amfolkfest.cz\/?page_id=835\">Continue Reading<\/a><\/span><\/p>\n","protected":false},"author":1,"featured_media":0,"parent":565,"menu_order":0,"comment_status":"closed","ping_status":"open","template":"","meta":{"ngg_post_thumbnail":0,"footnotes":"","_links_to":"","_links_to_target":""},"class_list":["entry","author-pery","post-835","page","type-page","status-publish"],"_links":{"self":[{"href":"https:\/\/amfolkfest.cz\/index.php?rest_route=\/wp\/v2\/pages\/835","targetHints":{"allow":["GET"]}}],"collection":[{"href":"https:\/\/amfolkfest.cz\/index.php?rest_route=\/wp\/v2\/pages"}],"about":[{"href":"https:\/\/amfolkfest.cz\/index.php?rest_route=\/wp\/v2\/types\/page"}],"author":[{"embeddable":true,"href":"https:\/\/amfolkfest.cz\/index.php?rest_route=\/wp\/v2\/users\/1"}],"replies":[{"embeddable":true,"href":"https:\/\/amfolkfest.cz\/index.php?rest_route=%2Fwp%2Fv2%2Fcomments&post=835"}],"version-history":[{"count":4,"href":"https:\/\/amfolkfest.cz\/index.php?rest_route=\/wp\/v2\/pages\/835\/revisions"}],"predecessor-version":[{"id":840,"href":"https:\/\/amfolkfest.cz\/index.php?rest_route=\/wp\/v2\/pages\/835\/revisions\/840"}],"up":[{"embeddable":true,"href":"https:\/\/amfolkfest.cz\/index.php?rest_route=\/wp\/v2\/pages\/565"}],"wp:attachment":[{"href":"https:\/\/amfolkfest.cz\/index.php?rest_route=%2Fwp%2Fv2%2Fmedia&parent=835"}],"curies":[{"name":"wp","href":"https:\/\/api.w.org\/{rel}","templated":true}]}}